at is the tens digit of g?
0
Let h be 1 + 4/2 - (2 + -3). Suppose 2*p + 5*o - 292 = 322, h*p - 2*o = 1276. What is the hundreds digit of p?
3
Let m(v) = -2*v**2 - 13*v + 3. Let c be m(-7). Let b be ((-9)/(-2)*60)/(c/(-6)). Suppose -10*t + 15*t - b = 0. What is the units digit of t?
1
Suppose 5*p - o - 23 = 0, p + 4*o = -13 + 5. Suppose 0 = -5*t + p*n + 1703, 5*t - 1718 = -0*n - n. What is the units digit of t?
3
Let a be 6/(-4)*-2 - (15 + -505). Let b = -332 + a. Suppose 0 = f - 4*z - b, -4*f + 4*z + 618 = z. What is the hundreds digit of f?
1
Let g(t) = 398*t - 56. Let d be g(-5). Let l = -966 - d. What is the units digit of l?
0
Let c(q) = -70*q + 6831. What is the units digit of c(0)?
1
Let a be (-4768)/2*(2 + (2 - 2)). What is the hundreds digit of ((-6)/(-12))/(9534/a + 2)?
1
Suppose 47 = 3*v - 5*x, 0*v - 4*x = 3*v - 92. Let l(h) = 32*h + 253. What is the thousands digit of l(v)?
1
Suppose -4*y = 4*l - 1872, l - 4*y - 284 = 204. Suppose 0 = 46*n - 42*n - l. What is the units digit of n?
8
Let l be 2 + (-40)/18 - (-580)/18. Let u = l + -28. Suppose k = -5*m + 6*k + 670, -u*k = 4*m - 544. What is the hundreds digit of m?
1
Let v = -4 + 7. Suppose u + 17 = 3*d - u, -15 = -d + v*u. Let a(m) = 9*m**2 + m - 1. What is the units digit of a(d)?
3
Suppose -3*g - 5*u = -2 - 11, 4*u + 16 = 2*g. Let q be g/((-1275)/(-1265) + -1). What is the units digit of (-2)/(-5) - q/(-15)?
1
Let v be 4*(3 - (-7)/(-4)). Suppose 2*w - v = w, w + 410 = m. Suppose -22*i + 27*i = m. What is the units digit of i?
3
Let d be 5/2 - -1 - (-66)/132. Suppose -4*v + d*u + 1832 = 0, 5*v - u - 1680 = 602. What is the units digit of v?
6
Let c(h) = -8*h - 21. Suppose -3*d + 2*g + 4 = -2, 2*g - 18 = -3*d. Let o be c(d). What is the units digit of 3*2*o/(-6)?
3
Let g = -41880 - -104561. What is the thousands digit of g?
2
Let w(l) = 330*l**2 + 2*l + 2. Let y be w(-1). Suppose -2*a - 4*a + y = 0. What is the units digit of -10 + 9 - (0 - a)?
4
Suppose 2*i - 7*i = -120. Let n = -2115 - -2174. Let m = n - i. What is the tens digit of m?
3
Let a = -9586 + 14120. What is the hundreds digit of a?
5
Let j be (30/40)/((-3)/7212). Let v = j + 2814. What is the thousands digit of v?
1
Let b(f) = f**3 - 7*f**2 + 14*f - 5. Let p be b(4). What is the tens digit of (16448/(-24))/(0 - 2/p)?
2
Let y = -18 + 14. What is the tens digit of 6/(1 - ((-2735)/(-550) + y))?
2
Let t be (-92)/22 + ((-4)/(-22) - 0). Let l = 5 + -8. What is the units digit of (-49)/(-2)*t/6*l?
9
Suppose 0 = -15*f - 31 + 76. Suppose 0*g - 2012 = -3*o - 2*g, f*o + g - 2008 = 0. What is the units digit of o?
8
Let k be (-4 + 4)*((-16)/4 + 3). Suppose k = 5*z - 540 - 50. What is the hundreds digit of z?
1
Suppose 2*h + 150170 = 4*y, -2*y - 25*h + 27*h = -75076. What is the thousands digit of y?
7
Let m be 4 + -225*(-3)/3. Suppose u + 4 = 0, -5*d = -0*u - 2*u - 58. Suppose 0 = -d*q - m + 1759. What is the units digit of q?
3
Suppose 12*n + 7*n - 13243 = 0. Let d = 1481 - n. What is the hundreds digit of d?
7
Suppose 13044 = 3*q - 3*n - 15708, 2*n - 4 = 0. What is the tens digit of q?
8
Let y = -133 + 133. Suppose -2*b + 1019 + 1183 = y. What is the units digit of b?
1
Suppose -4*s = -4*p + 8, -3*s + 0*p + 19 = 2*p. Let k = -112 + 212. What is the tens digit of k/s*18/4?
5
Suppose -45*v = -2*d - 46*v + 31179, 0 = -2*d + 5*v + 31137. What is the thousands digit of d?
5
Let a = 212 + 108. What is the hundreds digit of a*-4*8/(-32)?
3
Let j(u) = 178*u**2 + 32*u - 79. What is the thousands digit of j(3)?
1
Let c(j) = 52*j**2 + 113*j + 16. What is the thousands digit of c(-10)?
4
Suppose -3*p = -4*z + 8, -4*z + 2*p + 0*p = -8. Suppose 3*l + 220 = t, -t - z*l = -3*t + 460. What is the hundreds digit of t?
2
Let k(o) = -57*o + 150. Let d be (-4)/(-6)*(4 + -9 - 16). What is the hundreds digit of k(d)?
9
Suppose 0 = 34*p - 33*p - 515. Suppose h + p = 2*b - 1159, -2*h = 3*b - 2525. What is the tens digit of b?
3
Let s = 6234 + -2024. What is the hundreds digit of s?
2
What is the ten thousands digit of (-50)/(-4)*(3/(-45) + 1614646/330)?
6
Let u = -245 - -246. What is the units digit of 321 + (-6 - -11) + u?
7
Let l = 251 - 244. What is the hundreds digit of (-18)/(-126) - (-1595)/l?
2
Let s = 238 - 87. Let p(y) = y**2 + y - 7. Let a be p(3). Suppose l + 4*m = -4*l + s, 0 = a*m - 20. What is the units digit of l?
7
Suppose 104*k = 39*k + 307775. What is the units digit of k?
5
Suppose -r + 5*f - 18 = 0, -r = r - 3*f + 8. Suppose 0 = -r*g + 4*g - 8. Suppose 78 = g*j - 706. What is the hundreds digit of j?
1
Let v be (-1347)/15*2*10/(-4). Suppose -5*x - 4*y = -v - 331, 5*y = 5*x - 825. What is the hundreds digit of x?
1
What is the thousands digit of (-868899)/62*-4*4/24?
9
Suppose 16*g - 264 = 38*g. Let h(f) = -27*f - 113. What is the hundreds digit of h(g)?
2
Suppose 0 = 7*i - 18 + 11. Let p = 26 - 30. What is the units digit of p + -57*((-2)/6 - i)?
2
Suppose 35*t = 42*t - 91. Suppose -t*h + 2258 = -5932. What is the hundreds digit of h?
6
Let z = 308 + -145. Let x = z + -81. Suppose -4*l + 198 = -x. What is the units digit of l?
0
Let h = 40 - 35. Suppose h*v = 8 + 7. Suppose 0 = m, -n = -v*n + m + 268. What is the hundreds digit of n?
1
What is the tens digit of 15074780/2961 - 2/18?
9
Let a(o) = -212*o**3 + 2*o - 2. Let q be a(1). Let f = -125 - q. Suppose -3*z - 24 = -f. What is the units digit of z?
1
Suppose -3*z + 0 - 3 = -3*r, -2*z + 10 = 4*r. Let k(j) = -160 + 12*j + r*j + 151. What is the tens digit of k(12)?
5
Suppose 0*r = 2*r + l - 551, 3*l - 3 = 0. What is the tens digit of r + (-24)/(-18)*3/(-2)?
7
Let y(k) = 5*k**2 - 38 - 8*k**2 + 2*k**2. Let d be y(0). Let j = d - -88. What is the tens digit of j?
5
Let m(r) = 1 - 17*r + 81 - 26 - 25. What is the hundreds digit of m(-17)?
3
Let u = 50 - 48. Let j(w) = 2*w - 8*w**2 - 5 + 10*w**2 + w**3 + 7*w**u. What is the tens digit of j(-6)?
9
Let l(s) = 249*s**2 + 19*s + 50. What is the tens digit of l(-2)?
0
Suppose -210 = -9*s + 19*s. What is the hundreds digit of 16/((-12)/9*s/266)?
1
Let g be ((-2)/3)/((-8)/(-948)). Suppose 23 = -2*h - 199. Let n = g - h. What is the units digit of n?
2
Suppose -160017 = -16*q - 16*q + 53103. What is the units digit of q?
0
Let i(o) = -o**3 + 98*o**2 - 29*o + 500. What is the units digit of i(97)?
6
Let s(n) = 6*n + 24. Let u be s(12). Let p = 14 - 11. Suppose -u = -p*o + 24. What is the tens digit of o?
4
Let q(r) = 2*r**2. Let h(l) = 224*l**2 + 2*l + 1. Let b(m) = h(m) - 4*q(m). What is the hundreds digit of b(-1)?
2
Let l = 38 + -45. Let m(i) = 2*i**2 + 16*i + 14. Let u be m(l). Suppose u = 3*c - 10*c + 455. What is the tens digit of c?
6
Let g(o) = 550*o**2 - o - 11. Let d be g(-4). Suppose d = 17*x - 8*x. What is the units digit of x?
7
Suppose 19*a = -20*a + 15*a + 1933584. What is the ten thousands digit of a?
8
Suppose 16587*v + 17848 = 16588*v. What is the tens digit of v?
4
Let b be ((-648)/20)/((-3)/45). Suppose -291 = -3*w - 5*g + 65, 4*w = -g + b. What is the hundreds digit of w?
1
Let f = -68411 - -100569. What is the hundreds digit of f?
1
Suppose 311541 = -44*g + 50*g + a, g - 51917 = 2*a. What is the hundreds digit of g?
9
Let j = 1040 + -694. Suppose j + 364 = -i. What is the tens digit of (-6)/(-10) - i/25?
2
Let y = 7 + -3. What is the units digit of y*(6 - (-43 - 6))?
0
Suppose -7*r - 2*r = -54. Suppose -5*m + 71 = -14. Suppose r*s = 407 - m. What is the units digit of s?
5
Suppose -14 = 2*u - 8, -2*l - 5*u = -23627. What is the thousands digit of l?
1
Let d be 5 + -5 - (-1 + -14). Let n(u) = u - 26. Let p be n(d). Let t(m) = -m**2 - 16*m - 4. What is the units digit of t(p)?
1
Suppose 5*p + 4*q = -144, -107 - 10 = 4*p + 5*q. Let o be ((-7)/4)/(1/p). Suppose 0 = -n + o + 209. What is the tens digit of n?
5
What is the tens digit of (-1*48339)/(-3)*1*(-4)/(-12)?
7
Let y = 475 + -433. Suppose 12*h + y*h = 48708. What is the tens digit of h?
0
Suppose 9019546 + 34798932 = 794*g. What is the thousands digit of g?
5
What is the units digit of ((-230)/15)/((-40)/12300)?
5
Suppose -q = -51 + 48, 0 = 2*d - 3*q - 27363. What is the hundreds digit of d?
6
Suppose -5*i = -2*i + 174. Let g = -352 + 227. Let x = i - g. What is the tens digit of x?
6
Let v(l) = -30 + 80 + 6*l + 57. Let c be ((-7)/14)/(11 + -12)*0/(-1). What is the units